{"id":1299,"date":"2024-04-08T12:47:55","date_gmt":"2024-04-08T18:47:55","guid":{"rendered":"https:\/\/www.maskottchen.com.mx\/shop\/politica-de-cookies\/"},"modified":"2024-04-08T12:47:55","modified_gmt":"2024-04-08T18:47:55","slug":"politica-de-cookies","status":"publish","type":"page","link":"https:\/\/www.maskottchen.com.mx\/shop\/politica-de-cookies\/","title":{"rendered":"Pol\u00edtica de Cookies"},"content":{"rendered":"","protected":false},"excerpt":{"rendered":"","protected":false},"author":1,"featured_media":0,"parent":0,"menu_order":0,"comment_status":"closed","ping_status":"closed","template":"","meta":{"footnotes":""},"class_list":["post-1299","page","type-page","status-publish","hentry"],"blocksy_meta":[],"yoast_head":"<!-- This site is optimized with the Yoast SEO plugin v27.2 - https:\/\/yoast.com\/product\/yoast-seo-wordpress\/ -->\n<title>Pol\u00edtica de Cookies &#187; Maskottchen<\/title>\n<meta name=\"robots\" content=\"index, follow, max-snippet:-1, max-image-preview:large, max-video-preview:-1\" \/>\n<link rel=\"canonical\" href=\"https:\/\/www.maskottchen.com.mx\/shop\/politica-de-cookies\/\" \/>\n<meta property=\"og:locale\" content=\"es_ES\" \/>\n<meta property=\"og:type\" content=\"article\" \/>\n<meta property=\"og:title\" content=\"Pol\u00edtica de Cookies &#187; Maskottchen\" \/>\n<meta property=\"og:url\" content=\"https:\/\/www.maskottchen.com.mx\/shop\/politica-de-cookies\/\" \/>\n<meta property=\"og:site_name\" content=\"Maskottchen\" \/>\n<meta property=\"article:publisher\" content=\"https:\/\/www.facebook.com\/MaskottchenMx\/?locale=es_LA\" \/>\n<meta property=\"og:image\" content=\"https:\/\/www.maskottchen.com.mx\/shop\/wp-content\/uploads\/2024\/03\/cropped-Diseno-sin-titulo.png\" \/>\n\t<meta property=\"og:image:width\" content=\"512\" \/>\n\t<meta property=\"og:image:height\" content=\"512\" \/>\n\t<meta property=\"og:image:type\" content=\"image\/png\" \/>\n<meta name=\"twitter:card\" content=\"summary_large_image\" \/>\n<script type=\"application\/ld+json\" class=\"yoast-schema-graph\">{\"@context\":\"https:\/\/schema.org\",\"@graph\":[{\"@type\":\"WebPage\",\"@id\":\"https:\/\/www.maskottchen.com.mx\/shop\/politica-de-cookies\/\",\"url\":\"https:\/\/www.maskottchen.com.mx\/shop\/politica-de-cookies\/\",\"name\":\"Pol\u00edtica de Cookies &#187; Maskottchen\",\"isPartOf\":{\"@id\":\"https:\/\/www.maskottchen.com.mx\/shop\/#website\"},\"datePublished\":\"2024-04-08T18:47:55+00:00\",\"breadcrumb\":{\"@id\":\"https:\/\/www.maskottchen.com.mx\/shop\/politica-de-cookies\/#breadcrumb\"},\"inLanguage\":\"es\",\"potentialAction\":[{\"@type\":\"ReadAction\",\"target\":[\"https:\/\/www.maskottchen.com.mx\/shop\/politica-de-cookies\/\"]}]},{\"@type\":\"BreadcrumbList\",\"@id\":\"https:\/\/www.maskottchen.com.mx\/shop\/politica-de-cookies\/#breadcrumb\",\"itemListElement\":[{\"@type\":\"ListItem\",\"position\":1,\"name\":\"Portada\",\"item\":\"https:\/\/www.maskottchen.com.mx\/shop\/\"},{\"@type\":\"ListItem\",\"position\":2,\"name\":\"Pol\u00edtica de Cookies\"}]},{\"@type\":\"WebSite\",\"@id\":\"https:\/\/www.maskottchen.com.mx\/shop\/#website\",\"url\":\"https:\/\/www.maskottchen.com.mx\/shop\/\",\"name\":\"Maskottchen\",\"description\":\"Tienda de mascotas , Cl\u00ednica veterinaria y Est\u00e9tica Canina\",\"publisher\":{\"@id\":\"https:\/\/www.maskottchen.com.mx\/shop\/#organization\"},\"potentialAction\":[{\"@type\":\"SearchAction\",\"target\":{\"@type\":\"EntryPoint\",\"urlTemplate\":\"https:\/\/www.maskottchen.com.mx\/shop\/?s={search_term_string}\"},\"query-input\":{\"@type\":\"PropertyValueSpecification\",\"valueRequired\":true,\"valueName\":\"search_term_string\"}}],\"inLanguage\":\"es\"},{\"@type\":\"Organization\",\"@id\":\"https:\/\/www.maskottchen.com.mx\/shop\/#organization\",\"name\":\"Maskottchen\",\"url\":\"https:\/\/www.maskottchen.com.mx\/shop\/\",\"logo\":{\"@type\":\"ImageObject\",\"inLanguage\":\"es\",\"@id\":\"https:\/\/www.maskottchen.com.mx\/shop\/#\/schema\/logo\/image\/\",\"url\":\"https:\/\/www.maskottchen.com.mx\/shop\/wp-content\/uploads\/2024\/01\/logomaskottchencolores-2.png\",\"contentUrl\":\"https:\/\/www.maskottchen.com.mx\/shop\/wp-content\/uploads\/2024\/01\/logomaskottchencolores-2.png\",\"width\":283,\"height\":122,\"caption\":\"Maskottchen\"},\"image\":{\"@id\":\"https:\/\/www.maskottchen.com.mx\/shop\/#\/schema\/logo\/image\/\"},\"sameAs\":[\"https:\/\/www.facebook.com\/MaskottchenMx\/?locale=es_LA\"]}]}<\/script>\n<!-- \/ Yoast SEO plugin. -->","yoast_head_json":{"title":"Pol\u00edtica de Cookies &#187; Maskottchen","robots":{"index":"index","follow":"follow","max-snippet":"max-snippet:-1","max-image-preview":"max-image-preview:large","max-video-preview":"max-video-preview:-1"},"canonical":"https:\/\/www.maskottchen.com.mx\/shop\/politica-de-cookies\/","og_locale":"es_ES","og_type":"article","og_title":"Pol\u00edtica de Cookies &#187; Maskottchen","og_url":"https:\/\/www.maskottchen.com.mx\/shop\/politica-de-cookies\/","og_site_name":"Maskottchen","article_publisher":"https:\/\/www.facebook.com\/MaskottchenMx\/?locale=es_LA","og_image":[{"width":512,"height":512,"url":"https:\/\/www.maskottchen.com.mx\/shop\/wp-content\/uploads\/2024\/03\/cropped-Diseno-sin-titulo.png","type":"image\/png"}],"twitter_card":"summary_large_image","schema":{"@context":"https:\/\/schema.org","@graph":[{"@type":"WebPage","@id":"https:\/\/www.maskottchen.com.mx\/shop\/politica-de-cookies\/","url":"https:\/\/www.maskottchen.com.mx\/shop\/politica-de-cookies\/","name":"Pol\u00edtica de Cookies &#187; Maskottchen","isPartOf":{"@id":"https:\/\/www.maskottchen.com.mx\/shop\/#website"},"datePublished":"2024-04-08T18:47:55+00:00","breadcrumb":{"@id":"https:\/\/www.maskottchen.com.mx\/shop\/politica-de-cookies\/#breadcrumb"},"inLanguage":"es","potentialAction":[{"@type":"ReadAction","target":["https:\/\/www.maskottchen.com.mx\/shop\/politica-de-cookies\/"]}]},{"@type":"BreadcrumbList","@id":"https:\/\/www.maskottchen.com.mx\/shop\/politica-de-cookies\/#breadcrumb","itemListElement":[{"@type":"ListItem","position":1,"name":"Portada","item":"https:\/\/www.maskottchen.com.mx\/shop\/"},{"@type":"ListItem","position":2,"name":"Pol\u00edtica de Cookies"}]},{"@type":"WebSite","@id":"https:\/\/www.maskottchen.com.mx\/shop\/#website","url":"https:\/\/www.maskottchen.com.mx\/shop\/","name":"Maskottchen","description":"Tienda de mascotas , Cl\u00ednica veterinaria y Est\u00e9tica Canina","publisher":{"@id":"https:\/\/www.maskottchen.com.mx\/shop\/#organization"},"potentialAction":[{"@type":"SearchAction","target":{"@type":"EntryPoint","urlTemplate":"https:\/\/www.maskottchen.com.mx\/shop\/?s={search_term_string}"},"query-input":{"@type":"PropertyValueSpecification","valueRequired":true,"valueName":"search_term_string"}}],"inLanguage":"es"},{"@type":"Organization","@id":"https:\/\/www.maskottchen.com.mx\/shop\/#organization","name":"Maskottchen","url":"https:\/\/www.maskottchen.com.mx\/shop\/","logo":{"@type":"ImageObject","inLanguage":"es","@id":"https:\/\/www.maskottchen.com.mx\/shop\/#\/schema\/logo\/image\/","url":"https:\/\/www.maskottchen.com.mx\/shop\/wp-content\/uploads\/2024\/01\/logomaskottchencolores-2.png","contentUrl":"https:\/\/www.maskottchen.com.mx\/shop\/wp-content\/uploads\/2024\/01\/logomaskottchencolores-2.png","width":283,"height":122,"caption":"Maskottchen"},"image":{"@id":"https:\/\/www.maskottchen.com.mx\/shop\/#\/schema\/logo\/image\/"},"sameAs":["https:\/\/www.facebook.com\/MaskottchenMx\/?locale=es_LA"]}]}},"featured_image_src":null,"featured_image_src_square":null,"jetpack-related-posts":[{"id":1300,"url":"https:\/\/www.maskottchen.com.mx\/shop\/personalizar-cookies\/","url_meta":{"origin":1299,"position":0},"title":"Personalizar Cookies","author":"Capi","date":"8 de abril de 2024","format":false,"excerpt":"","rel":"","context":"Entrada similar","block_context":{"text":"Entrada similar","link":""},"img":{"alt_text":"","src":"","width":0,"height":0},"classes":[]},{"id":3,"url":"https:\/\/www.maskottchen.com.mx\/shop\/politica-privacidad\/","url_meta":{"origin":1299,"position":1},"title":"Pol\u00edtica de privacidad.","author":"Capi","date":"8 de enero de 2024","format":false,"excerpt":"Maskottchen respeta su privacidad y se compromete a protegerla mediante el cumplimiento de esta pol\u00edtica. Esta pol\u00edtica describe las pr\u00e1cticas de privacidad de https:\/\/www.maskottchen.com.mx\/ con respecto a la recopilaci\u00f3n, el uso y la divulgaci\u00f3n de la informaci\u00f3n personal que recibimos de los usuarios del sitio. Recopilaci\u00f3n y Uso de la\u2026","rel":"","context":"Entrada similar","block_context":{"text":"Entrada similar","link":""},"img":{"alt_text":"","src":"","width":0,"height":0},"classes":[]}],"jetpack_sharing_enabled":true,"_links":{"self":[{"href":"https:\/\/www.maskottchen.com.mx\/shop\/wp-json\/wp\/v2\/pages\/1299","targetHints":{"allow":["GET"]}}],"collection":[{"href":"https:\/\/www.maskottchen.com.mx\/shop\/wp-json\/wp\/v2\/pages"}],"about":[{"href":"https:\/\/www.maskottchen.com.mx\/shop\/wp-json\/wp\/v2\/types\/page"}],"author":[{"embeddable":true,"href":"https:\/\/www.maskottchen.com.mx\/shop\/wp-json\/wp\/v2\/users\/1"}],"replies":[{"embeddable":true,"href":"https:\/\/www.maskottchen.com.mx\/shop\/wp-json\/wp\/v2\/comments?post=1299"}],"version-history":[{"count":0,"href":"https:\/\/www.maskottchen.com.mx\/shop\/wp-json\/wp\/v2\/pages\/1299\/revisions"}],"wp:attachment":[{"href":"https:\/\/www.maskottchen.com.mx\/shop\/wp-json\/wp\/v2\/media?parent=1299"}],"curies":[{"name":"wp","href":"https:\/\/api.w.org\/{rel}","templated":true}]}}